r of w and 740.
74
Let u(z) = -4*z - 17. Let l be u(-5). Suppose -7*c + 4*c - 6 = a, 0 = l*c + 3*a + 6. Let p be c/4 + 2166/12. Calculate the highest common divisor of 36 and p.
36
Suppose 2*j - 228 = -5*h, j - 5*h - 138 = 6. What is the highest common divisor of 10478 and j?
62
Suppose 56*l - 1744 = -736. What is the greatest common factor of l and 3051?
9
Let y be ((-100)/(-15))/(-1 + 315/5967*19). What is the greatest common factor of 5 and y?
5
Let p = 2034 + -329. What is the highest common divisor of p and 155?
155
Suppose 3*s - 4*f + f - 6 = 0, 2*s - f - 4 = 0. Let b be s/4 + 18/4. Let o(u) = -260*u - 2850. Let n be o(-11). Calculate the greatest common factor of n and b.
5
Let y be 2 - (-7)/(28/16). Let a(n) = -n + 51. Let s be a(y). What is the highest common divisor of s and 30?
15
Let z be 36/(-60) + ((-12)/24 - 12961/(-10)). Calculate the greatest common divisor of z and 175.
35
Let s be 8/(-5) - (-2610384)/340. What is the highest common divisor of s and 38?
38
Let a = 77 + -72. Suppose a = -14*f - 107. Let w(n) = -23*n - 23. Let m be w(f). What is the highest common factor of 23 and m?
23
Suppose -2*t + 300 = -i, -8 = 3*i + i. Suppose -5*d + t = -121. Calculate the greatest common factor of 144 and d.
18
Let u be (50/6 + -2)*6. Let j(h) = -2*h + 127. Let y be j(38). Let v = y - u. Calculate the highest common factor of v and 117.
13
Let h(x) = x**3 - 6*x**2 + 5*x + 5. Let t(u) = -u**3 - 36*u**2 - 34*u + 41. Let j be t(-35). Let n be h(j). Calculate the highest common factor of 21 and n.
7
Let i(d) = -4*d**3 + 97*d**2 - 588*d + 49. Let f be i(13). Suppose 309 = 4*p + m - 206, 155 = p - 5*m. What is the highest common divisor of p and f?
10
Suppose 6503 = 73*y + 2123. Suppose -5*c + 62 = 2. What is the highest common factor of y and c?
12
Let v(n) = -19*n + 2. Let t be v(3). Let f = -907 - -861. Let d = f - t. What is the highest common divisor of d and 81?
9
Suppose 0*l - 3 = -3*l. Let q be 0/(-3)*5/(-20). Let u be (-2 - q) + (4 - l) + 39. Calculate the greatest common divisor of 5 and u.
5
Suppose -370997 = -97*i - 52158. Calculate the highest common divisor of 346 and i.
173
Let m be 6/(-16) + (-873054)/(-1872) + 12 + -1. Let x be 5/(-15) - (-28)/3. What is the greatest common factor of m and x?
9
Let x be 2857503/99 + (-5 - (-48)/9). Calculate the highest common divisor of x and 128.
64
Suppose 31*n + 425 + 6891 = 0. Let q = n - -272. Let r = 25 - -119. Calculate the greatest common factor of q and r.
36
Let o(b) = -5*b**3 + 240*b**2 + 34*b + 289. Let q be o(48). What is the greatest common divisor of 68 and q?
17
Let a be (-5 - 0)/(11 - 10). Let c be ((-20)/(-6))/((-3)/90*a). Suppose -5*y = 2*r - 10, 0*y - 5*r + 8 = 4*y. Calculate the highest common factor of c and y.
2
Suppose 2*y = -3*c + 188, 13*y - 18*y - 2*c = -448. What is the greatest common factor of 3938 and y?
22
Let o be (-144)/(-35784)*71 + 2/((-28)/(-273262)). What is the highest common factor of 131 and o?
131
Suppose -25*f = -2*o - 29*f + 136, -13*o = 5*f - 968. Calculate the highest common factor of 988 and o.
76
Let i(t) = 5*t**2 - 2*t**2 - 2 - 3*t**3 + 39*t**3 + 2*t - 3*t**2. Let p be i(1). What is the highest common factor of p and 261?
9
Suppose -1316*f = -1323*f + 315. What is the greatest common factor of 265 and f?
5
Let c(x) be the third derivative of x**3 + 0*x + 1/120*x**6 + 0 - 6*x**2 + 1/6*x**5 + 0*x**4. Let f be c(-10). Calculate the greatest common factor of f and 3.
3
Suppose -2*w + 66 = 4*z, 2*z + 57 = -5*w + 238. Let k = 67 - w. Calculate the highest common factor of k and 135.
15
Suppose -5*z = -4*o + 440, 3*o - 330 = -7*z + 6*z. Suppose 10*d + 30 - o = 0. Calculate the highest common factor of d and 40.
8
Suppose 0 = -p + 2*m + 4, -6 = 9*p - 11*p + 5*m. Suppose -4*d + 820 = 4*i, 2*d - 614 = -p*i + 5*i. Calculate the highest common factor of i and 24.
12
Suppose 2*p + 4 = 2*a, -a - 42 = 3*p - 68. Suppose -5*h + 4*z + 46 = 0, 0*h + h - 14 = 2*z. Calculate the greatest common divisor of p and h.
6
Let v = -6211 + 7380. Calculate the greatest common divisor of v and 3006.
167
Suppose 3*y - 560 = -o, -4*o - 8 = 20. Calculate the greatest common divisor of 2205 and y.
63
Let s be 30 - (3 + -2)*-2. Let n be 1*(-24 + (-511)/(-21) - 1247/(-3)). What is the highest common factor of s and n?
32
Let m(f) = 15*f**2 - 6*f + 4. Let q be m(6). Suppose 3*w - q = -493. Calculate the highest common factor of 20 and w.
5
Let x = 86 + -102. Let l be (-240)/(-32)*x/(-3). Let b = 14 + -9. What is the highest common divisor of l and b?
5
Suppose -2*c = 5*l - 1313 - 406, -10 = -5*c. Let d = -314 + l. What is the highest common factor of 29 and d?
29
Suppose g + 96 - 112 = 0. Let d be (-7)/((-20)/g + 1). What is the highest common factor of 308 and d?
28
Suppose 3*a - 214 = -g, g = -2*a + a + 74. Let u be 0/(6/(-3) + 1). Suppose -i - 3 + 31 = u. Calculate the highest common factor of i and a.
14
Let h be ((-33)/2)/(1/(-2)). Let i = h + -2. What is the greatest common factor of i and 341?
31
Let p(x) = x**2 - 10*x + 6. Let m be p(10). Suppose 2*c + 0*c = m, 5*z + 2*c = 216. What is the greatest common divisor of 14 and z?
14
Suppose 4*t - 67 - 93 = 0. Let d be -2 - 8/(t/105). Let a be ((-10)/4)/(d/46). Calculate the highest common divisor of a and 30.
5
Let l = 305 - 294. Let t(o) = 4*o - 2. Let v be t(l). What is the highest common factor of v and 238?
14
Let s be ((-89)/2)/(11/(-1958))*1. Calculate the highest common divisor of s and 267.
89
Let u(x) = -x**3 + 15*x**2 - 18*x - 5. Let j be u(13). What is the highest common divisor of 495 and j?
99
Let n be -20*10/((-320)/624). Calculate the greatest common factor of 1470 and n.
30
Let j = -5 + 27. Suppose 2*l = -y - 16, -2*l - l - 3 = 0. Let t = y + j. What is the greatest common factor of t and 56?
8
Let h = -44 - -63. Let l(u) = -u**2 + 24*u - 45. Let z be l(h). What is the greatest common factor of 50 and z?
50
Suppose 4*v = -2*v + 8*v. Suppose 444*m - 448*m + 2448 = v. What is the highest common factor of m and 36?
36
Let d(l) = l**2 - l + 2. Let m be d(2). Suppose 14 = 4*k - 5*t, 8*k - m*t - 10 = 6*k. What is the highest common divisor of 4 and k?
1
Suppose -2*c = 5*f - 222, 4*f + 116 - 18 = c. What is the greatest common factor of c and 3?
1
Let m(d) = 4*d + 56. Suppose -91 - 182 = 21*y. Let j be m(y). Suppose 3*q + 41 = 7*q - t, -q + j*t + 29 = 0. What is the greatest common divisor of q and 144?
9
Let q = 170 - 131. Suppose q*s - 360 = 33*s. Let j = 25 - 10. What is the highest common divisor of j and s?
15
Suppose -u = -5*d - 1041, -10087*u - 3081 = -10090*u + d. What is the highest common divisor of 1558 and u?
38
Suppose -81*v + 30 = -71*v. Suppose b + 377 = v*i - 324, 3 = 3*b. Calculate the greatest common factor of i and 104.
26
Suppose 0 = -3*s - h + 3370, 3*s - 1509 - 1877 = -5*h. Calculate the greatest common factor of s and 6.
6
Let o(i) = i**3 + 9*i**2 + 14*i + 5. Let h be o(-7). Suppose -h = j - 25. Let x = j - -16. What is the highest common factor of 24 and x?
12
Suppose 0 = -4*l + 13*l. Let i be 6/(-4)*(l - (-310)/(-3)). What is the highest common divisor of i and 31?
31
Let w = 257 - 231. Let o(r) be the first derivative of 3*r**2 + 38*r + 15. Let s be o(-6). Calculate the greatest common factor of s and w.
2
Suppose -2*t - 673 = -3*w, -5*w - t + 558 = -542. What is the highest common factor of 2756 and w?
13
Let p = 13421 + -13036. Suppose -105 = -5*c + 2*c. What is the greatest common factor of c and p?
35
Let t = 113 + -87. Suppose -36*g + t*g + 240 = 0. What is the greatest common factor of 384 and g?
24
Suppose -21*d + 67*d - 43746 = 0. Let a = d - 925. Calculate the greatest common factor of a and 416.
26
Let u be 16/(-6) - -3*(-2)/(-9). Let z be (3/u - -1)/((-8)/1328). Let m = z + -60. Calculate the highest common divisor of m and 161.
23
Suppose -8 = -10*f + 192. Suppose -11*v = -f*v + 63. Calculate the highest common factor of 77 and v.
7
Suppose 5*c + 43 = -102. Let a be (c - 1)/((-12)/78). Calculate the greatest common factor of a and 26.
13
Suppose -x + 136 = g, -2*x + 451 - 159 = -3*g. Let z = -127 + x. Let i be 1 - (-36 + (0 - 2)). What is the highest common factor of i and z?
13
Suppose -k + 2579 = 5*p, 3*k = -5*p + 2376 + 191. Let s = 46 - -1. Calculate the highest common di